factor of o and 22?
22
Let r(l) = -2*l - 5. Let q be r(-5). What is the greatest common factor of 10 and q?
5
Suppose 2*t - 4 + 0 = 0. Let r be (10/t)/((-2)/(-18)). Let c = 7 - -8. Calculate the greatest common factor of r and c.
15
Suppose 8 = 2*q - 4*q, -5*q = -3*w + 515. Calculate the greatest common factor of w and 11.
11
Let g = 21 + -16. Suppose 0 = 4*u - 27 - g. What is the greatest common factor of 40 and u?
8
Let f(u) = -u**3 - 24*u**2 - 48*u - 43. Let r be f(-22). What is the greatest common factor of r and 90?
45
Let y be 2/9 + 608/18. Suppose -3 = o, -2*o + 6 = w - 5*o. Let s be (-200)/(-12) + w/(-9). What is the highest common factor of y and s?
17
Suppose -3*d + 0*s + 282 = 5*s, -d - 2*s + 93 = 0. Let l = -67 + d. Calculate the greatest common divisor of 8 and l.
8
Let w be 0 - (-1)/(2/28). Let d(i) = -30*i - 5. Let r be d(-5). Suppose -54 = -0*v - 2*v - 2*h, -5*v + 5*h = -r. Calculate the highest common factor of v and w.
14
Let t = -2 + 29. Suppose -2*b - b = -t. Let r be 9 + (2 - (-10)/(-2)). Calculate the greatest common divisor of r and b.
3
Suppose -x - 2*x = 0. Suppose -o + 6*o + 3*z = 566, x = -3*o + 3*z + 330. Calculate the highest common divisor of 16 and o.
16
Let n(b) be the third derivative of b**5/15 + b**4/12 - b**2. Let s be n(3). Let h = -24 + s. Calculate the greatest common divisor of h and 2.
2
Let g(s) = s**3 + 5*s**2 + 2*s + 1. Let y be g(-2). What is the greatest common divisor of 99 and y?
9
Let d(q) = -140*q**2 + 11*q + 5. Let k(j) = 28*j**2 - 2*j - 1. Let i(o) = 2*d(o) + 11*k(o). Let h be i(-1). What is the greatest common factor of h and 297?
27
Let o be 6/(-27) - 1487/(-9). Let n be (-4)/(-8) - 58/(-4). What is the highest common factor of o and n?
15
Let s be 1/2 - 63/(-6). What is the greatest common factor of 88 and s?
11
Let p(c) = -c - 3. Let w be p(-7). What is the greatest common divisor of w and 20?
4
Let k(i) = -4*i. Let h be 5 - (-1 - -1)/(-3). Let c be (-4)/h*(-25)/(-10). Let s be k(c). What is the greatest common divisor of 88 and s?
8
Suppose -3*s + 0*b - 5*b - 69 = 0, -12 = 4*b. Let m(g) = 3*g**3 + g. Let d be m(1). Let u = d - s. Calculate the greatest common divisor of 44 and u.
22
Let u = -414 + 590. Suppose g + 4*o = 0, o + 32 = 3*g + 5*o. What is the greatest common factor of u and g?
16
Suppose 7*q = 5*q + 4. Suppose -4*w + w + 102 = 0. Suppose 4*r = -3*o + w, -30 - 30 = -4*o + q*r. Calculate the highest common factor of o and 21.
7
Let l(h) = -4*h - 1. Let q be l(-3). Suppose 2*i - q + 3 = 0. Let b(a) = 3*a - 5. Let w be b(i). Calculate the highest common divisor of w and 49.
7
Let h(u) = 13*u - 12. Let m be h(9). Let t be ((-5)/2)/(1/(-6)). Calculate the highest common divisor of m and t.
15
Let r be (69 - -1) + 1 - 1. Suppose a = -0*a + 2*y + 6, 0 = 2*a + 2*y. Let d(l) = 3*l**3 + 2*l. Let h be d(a). What is the greatest common divisor of r and h?
14
Let c(i) = i - 1. Let v(l) = -l - 1. Let j(x) = c(x) + 6*v(x). Let b be j(-5). Let u be (3/2)/(3/18). What is the greatest common factor of b and u?
9
Let m = -2 - -6. Suppose m*j = 4 - 0. Let u be j/(-3) - (-354)/9. Calculate the greatest common factor of u and 26.
13
Let y = 24 - 19. Let d = 12 - y. Suppose 5*a + 47 = 117. Calculate the highest common divisor of a and d.
7
Let h(r) = 9*r. Let x be h(3). Let z(s) = s**3 + 8*s**2 + 6*s - 8. Let g be z(-7). Let f be (-2 - (-1)/(-1))/g. What is the greatest common divisor of x and f?
3
Suppose i - 134 = -i. Let c be i + (-1)/(-1) + -2. Calculate the highest common divisor of 6 and c.
6
Suppose -238 = -8*r + r. Let d(k) = 86*k**3 - k**2. Let a = -2 - -3. Let m be d(a). What is the greatest common divisor of r and m?
17
Let c(f) = 10*f + 2*f + 10*f**2 - 2*f**3 + f**3 + 6 + 0*f**3. Let k be c(11). What is the highest common factor of k and 153?
17
Let r = 132 + -121. Calculate the greatest common divisor of 176 and r.
11
Suppose -18 = 26*h - 29*h. What is the greatest common factor of 66 and h?
6
Let k(j) = 11*j + 213. Let y be k(-19). Let c(t) = -3*t + 1. Let d be c(-5). What is the highest common factor of d and y?
4
Let y = -5 + 10. Calculate the highest common factor of y and 30.
5
Let h be (1/2 + 58/12)*36. What is the highest common factor of 48 and h?
48
Suppose -b + 96 = 3*b. Let v be ((-4)/3)/(8/(-72)). Calculate the highest common divisor of b and v.
12
Let u(i) = i**3 + 9*i**2 - 24*i + 14. Let b be u(-11). What is the greatest common divisor of 2 and b?
2
Let j = 19 + -36. Let m be (1 + (1 - 3))*j. Suppose 4*u + 7 = h + m, 4*u - 70 = -5*h. What is the greatest common factor of 10 and h?
10
Suppose 0 = -5*j + 55 + 105. Calculate the highest common factor of 32 and j.
32
Let r = 115 - 80. Let x = 11 + -4. What is the greatest common divisor of x and r?
7
Let p(t) = -t**2 - 4*t. Let y be ((-1)/(-2))/((-1)/8). Let x be p(y). Suppose x*z - 8 = -4*z. Calculate the highest common factor of z and 10.
2
Let q(s) = -s**3 + 3*s**2 - 1. Let j be q(2). Suppose -j*t - r = -8*t + 497, t = 5*r + 109. Calculate the greatest common factor of t and 9.
9
Let x(c) = 2*c**3 + 2*c**2 - c. Let v be x(2). Suppose 3*y - 335 + 5 = 0. What is the highest common divisor of y and v?
22
Let p be (186*11)/(-6)*-1. Let s = 78 - 47. What is the greatest common factor of p and s?
31
Let a(i) = i**3 + 6*i**2 - 8*i. Let b be a(-7). Calculate the greatest common factor of 56 and b.
7
Let d(x) = -x**3 - 11*x**2 - 10*x + 1. Suppose 39 = -4*r - 1. Let h be d(r). What is the greatest common factor of h and 8?
1
Suppose 33 = 5*h + 8. Suppose -4*x + 20 = -3*t, 1 + 4 = x - t. What is the highest common divisor of x and h?
5
Suppose d - 88 - 297 = 0. Calculate the highest common factor of 35 and d.
35
Suppose t - n + 6 = 2*n, -2*t - 10 = -5*n. Suppose t = -4*b - 5*c + 863, -5*c - 220 = -b - 2*c. What is the highest common divisor of 31 and b?
31
Suppose -762 + 202 = -5*d. What is the highest common factor of d and 14?
14
Let d(a) = 2*a**2 - 20*a - 8. Let t be d(11). Calculate the greatest common divisor of 21 and t.
7
Suppose -5*v + 0 + 210 = 0. Calculate the highest common divisor of v and 28.
14
Let t(d) = -d**3 - 5*d**2 - 2*d - 2. Let x be t(-5). Calculate the greatest common factor of 64 and x.
8
Suppose 1 = 3*s - 5. Suppose 0*i - 88 = -s*i. Calculate the highest common divisor of i and 11.
11
Let p = -43 - -19. Let d be (-2100)/p + (-1)/(-2). What is the highest common factor of 11 and d?
11
Let c(u) = 111*u**3 - u**2 - u. Let t be c(-1). Let y = -13 - t. What is the greatest common factor of 14 and y?
14
Suppose -5*w + w - 56 = 0. Let t(f) = -f**2 - 13*f + 17. Let d be t(w). Calculate the greatest common divisor of d and 27.
3
Let n = 46 - 45. What is the highest common divisor of 5 and n?
1
Let g be 42 - (-2 + 0) - 4. Calculate the greatest common divisor of g and 100.
20
Let o(u) = -u**2 + 12*u - 2. Let l be o(10). Calculate the highest common factor of 144 and l.
18
Let q be (2 - -3)/(3/3). Let p = q - -3. Calculate the highest common divisor of p and 64.
8
Suppose -294 = -4*k + 86. Let y(u) = -u**3 + u**2 - u + 1. Let t be y(1). Let o be (t - 0) + k/5. What is the highest common divisor of 209 and o?
19
Let f(g) = -g**3 + 5*g**2 + 6*g. Let s be f(6). Suppose s = -d + 14. Let u be 7 + (0 - (1 - 1)). What is the highest common factor of d and u?
7
Let t = -117 + 171. Suppose 0 = -5*c - 4*y + 25, -3*c + 2*y + 42 = -y. Calculate the highest common factor of c and t.
9
Let f = -7 + 102. Let q = -63 + f. What is the greatest common divisor of 8 and q?
8
Suppose 11 + 61 = 4*k. Calculate the highest common factor of k and 90.
18
Suppose -17 = 2*o + 1. Let c be (-6)/(-2)*(-3)/o. Let x be (32/2)/(c - 0). Calculate the greatest common divisor of x and 176.
16
Suppose 3*g - 2*i = 13, -4 = -3*g + 4*i + 7. Suppose -u - 300 = -g*u. Calculate the highest common factor of 30 and u.
15
Let h be -4*(-1)/(-2) - (-72)/1. Calculate the greatest common factor of 10 and h.
10
Suppose -3*h + 2*h + x = -29, 2*h - x = 61. Suppose -3*d + 2*d = 4*l - 36, d - 21 = -l. Calculate the highest common divisor of h and d.
16
Let f = -10 + 10. Suppose -4*m + m + 5*n = -34, 4*n + 20 = f. What is the greatest common factor of m and 9?
3
Let m be (-4)/(-14) + 24/14. Suppose 2*p = -y + 110, -7*p + 290 = -m*p - 5*y. Suppose 0 = -5*r + r + p. What is 